e factors of z(-8).
2, 5
Let o = 418 - 234. Let n = o - 103. What are the prime factors of n?
3
Suppose 113*j = 131*j - 10152. List the prime factors of j.
2, 3, 47
Let q be (-165)/(-10)*2/1. Let x = -39 + q. What are the prime factors of x/14 + 1236/42?
29
Suppose -4*n + 3*k = -2589, 24*n - 18*n - 3889 = -k. List the prime factors of n.
2, 3
Let h(t) be the first derivative of t**2 - 10. What are the prime factors of h(10)?
2, 5
Let n be 3109/6 - (-26)/(-156). Suppose 8 = -2*g, -8*w + 3*w + 2*g = -n. List the prime factors of w.
2, 3, 17
Let j(g) = -g**3 - 4*g**2 - 2*g - 6. Let d be j(-4). Suppose 165*o - 160*o - 10 = 0. Suppose -8 = -4*f - 2*m - d*m, o*f - 3*m = 4. List the prime factors of f.
2
Let t = -25 + 6. Let u = t + 24. Suppose 0 = -4*x + u*x - 40. What are the prime factors of x?
2, 5
Let q be (-2)/(-14) + (22743/(-49) - -2). Let u = q - -706. What are the prime factors of u?
2, 61
What are the prime factors of 5/10 + (18945/10 - -7)?
2, 3, 317
Let u = 8 - 3. Suppose -n + 79 = d, u*n - 365 = -0*d + 5*d. What are the prime factors of n?
2, 19
Suppose 12 = 2*z - 2. Suppose -4*t = -z - 13. Suppose -t*i + 36 = -3*i - 3*u, -2*u = 0. What are the prime factors of i?
2, 3
Let t(h) = -11*h + 23. Suppose 0*s + 2*s - 2*i + 22 = 0, 4*s = 2*i - 36. List the prime factors of t(s).
2, 5
Let d(b) = 41*b - 24*b - 18*b + 10. List the prime factors of d(8).
2
What are the prime factors of 33124/546*(2 + (-11)/(-2))?
5, 7, 13
Suppose -3*x = -5*x - 4*g - 30, x - 4*g = 15. Let k(m) = 0*m - 3*m - m**2 - 4*m - 7. List the prime factors of k(x).
3
Suppose 0 = -16*c - 0*c + 85664. What are the prime factors of c?
2, 2677
Suppose -r - 61 = -5*p + 3*r, -43 = -3*p + 4*r. Let s be (-7 - (-3 - 4)) + -2. What are the prime factors of (-4 - p)/(s/4)?
2, 13
Let o(l) be the third derivative of 0 - 1/6*l**4 - 1/60*l**5 - l**2 + 0*l + 1/3*l**3. List the prime factors of o(-4).
2
Suppose -15624 = 25*a - 45474. List the prime factors of a.
2, 3, 199
List the prime factors of (-3)/7 + (-466356)/(-462).
1009
Let s(t) = -t**2 - 5*t - 2. Let g be s(-2). Suppose -3*l + 931 = g*l. What are the prime factors of l?
7, 19
Suppose 9*s + 4972 = 4*u + 5*s, 5*u + 5*s - 6215 = 0. What are the prime factors of u?
11, 113
Suppose -4*l + 6*l = 10. Let p be 5 + (l - 4 - 1). Suppose p*i = -i + 288. What are the prime factors of i?
2, 3
Suppose 9*g - 36 = -5*w + 7*g, -3*w = 4*g - 30. Suppose -4*l = -446 - w. List the prime factors of l.
113
Let t(x) = 0*x**2 + 19*x + x**2 + 12 + 6. Let g(h) = -2*h**2 - 37*h - 36. Let j(d) = -3*g(d) - 5*t(d). What are the prime factors of j(-17)?
5, 7
Let a be 4/(-18) - ((-2490)/27 + -2). Suppose -c = -2*j - a, -2*c + 5*j - 12 = -204. What are the prime factors of c?
2, 43
Suppose -5*i = 3*f - 660, -733 = -4*i + 5*f - 168. Suppose -4*o - i + 15 = 0. Let v = 42 + o. List the prime factors of v.
2, 3
List the prime factors of (-448)/96*1254/(-4).
7, 11, 19
Let j(q) = q**3 + 6*q**2 + 5*q + 2. Suppose 2*w = 3 + 3. Suppose w*c - 15 = r, 3*r + 2 = -5*c + 13. What are the prime factors of j(r)?
2, 7
Let z(o) = o**3 - 3*o**2 - 7*o + 2. Let h = -1 - 3. Let f = h - -9. List the prime factors of z(f).
17
Let j(y) be the first derivative of -1/2*y**2 + 8*y + 10. List the prime factors of j(2).
2, 3
Suppose 15 + 30 = -5*b. What are the prime factors of 1/((27/(-276))/b)?
2, 23
Let c(q) = q**2 + q - 3. Suppose 13*y - 9*y + 12 = 0. Let h be c(y). Suppose h*t + 0*t = 33. What are the prime factors of t?
11
Let u(p) = 5*p. Let o be u(1). Let k = o + 3. Let s = 3 + k. What are the prime factors of s?
11
Let j(x) = 63*x. Let w(y) = -6*y - 3. Let u be w(-1). Let n(m) = m - 2. Let z be n(u). What are the prime factors of j(z)?
3, 7
Let m(z) = -12*z**3 + z**2 + 2*z + 1. Let q be m(-1). Suppose 0 = -8*b + 4*b + q. Let n(t) = 4*t**2 + 2*t - 7. What are the prime factors of n(b)?
5, 7
Let o be 42 + 1 + 3 + -6. Suppose 3*z = -o + 22. Let b = 26 - z. What are the prime factors of b?
2
Let d(c) = -c**3 + 6*c**2 + 5. Suppose 0*h + h = 6. Let g be d(h). List the prime factors of ((-46)/(-2))/(6 - g).
23
Suppose 17*j + 6 = 20*j. Suppose j*m = m + 92. List the prime factors of m.
2, 23
Let w(z) = 2*z**2 - 10*z + 9. Let v be w(6). Let y = v + -16. What are the prime factors of 15*(23/y + -1)?
2, 3
Let s(q) = 45*q - 139. List the prime factors of s(13).
2, 223
Suppose 0 = 2*z - 313 - 281. What are the prime factors of z?
3, 11
Let x = -49 - -30. Let y be x/(-4) - 6/8. Suppose 2*b = -2*s + 3*b + 46, -y*b = -5*s + 109. What are the prime factors of s?
5
Let u be (-12)/84 + 1836/14. Let h = u - 90. List the prime factors of h.
41
Let p(u) = -1075*u - 8. List the prime factors of p(-1).
11, 97
Let o(k) = -4*k - 2. Let n be o(-2). Suppose -3*t + 2*s + 34 = s, n = 3*s. What are the prime factors of t?
2, 3
Let y(m) = 4*m**2 + 3*m - 4. Let c = -17 + 19. Let q be y(c). Suppose 5*p + 8 = q. What are the prime factors of p?
2
Let r(g) = -6 - 152*g - 36*g + 0 + 11. What are the prime factors of r(-1)?
193
Let w = 22 + -66. List the prime factors of 2*2*(-253)/w.
23
Let c = 122 + -120. Suppose -9*f + 231 = c*f. List the prime factors of f.
3, 7
Suppose -62*n + 1950 = -47*n. What are the prime factors of n?
2, 5, 13
Suppose -4*l = -30 + 6. Let i be (l - 10)/(-1 + 2). Let c = 9 - i. What are the prime factors of c?
13
Suppose -10*z + 6*z = -152. Let l = 75 - z. What are the prime factors of l?
37
Let z be (1/(-2) + -1)/(24/(-1504)). Let s = -15 + z. What are the prime factors of s?
79
Suppose -4*o - 10 = -2*p, -3*o = -4*p - 4*o + 20. Let u(n) be the third derivative of n**4/12 + n**3/3 + n**2. List the prime factors of u(p).
2, 3
Let f(r) = -r**2 - r - 3. Let b be f(-3). List the prime factors of 42/4*(-60)/b.
2, 5, 7
Let i = -17 - -20. Suppose 286 = 4*o + i*n, -o - 342 = -6*o + 4*n. Suppose -3*y + 41 + o = 0. List the prime factors of y.
37
Let g = 1000 + -944. What are the prime factors of g?
2, 7
Suppose 2*q + t = 36, 2 = -t + 6. What are the prime factors of 4/q - (-259)/4?
5, 13
Suppose 3*d - 4*i - 83 = 0, d + 0*d = -i + 30. Suppose 4*u = o + 109, -o - 3 + d = u. Suppose 79 = a + u. What are the prime factors of a?
2, 13
List the prime factors of 37436/8 + 105/(-70).
2, 2339
What are the prime factors of (-1344)/(-7) - (4 - 6)?
2, 97
Let c = 0 + -55. Let t = 68 + c. List the prime factors of t.
13
Let w be 1/((-2)/(-3))*6. Let m be (w/(-2) - -3)*2. List the prime factors of (m - (-10)/4)*-32.
2
Suppose 3*j - 1638 - 273 = 0. What are the prime factors of j?
7, 13
Let o = 3061 + -940. What are the prime factors of o?
3, 7, 101
Suppose p = 2*w - 7*w + 1272, -4*w = 4*p - 5088. List the prime factors of p.
2, 3, 53
Let u(a) = 88*a + 43. List the prime factors of u(12).
7, 157
Let t(o) = 11*o**2 + 3*o + 2. Let g be t(-2). Suppose g*v + 74 = 41*v. List the prime factors of v.
2, 37
Suppose g + 5*k - 795 = 0, 1579 + 67 = 2*g - 4*k. List the prime factors of g.
5, 163
Let y = 1649 - 59. What are the prime factors of y?
2, 3, 5, 53
Let d(n) = 5*n**2 - 23*n - 42. List the prime factors of d(-16).
2, 11, 73
Suppose -3*d = s - 2792, -4*d = 4*s - 5859 + 2139. What are the prime factors of d?
7, 19
Suppose 0 = -3*x + 2230 - 286. Suppose -4*a = -7*a + x. List the prime factors of a.
2, 3
Let c(g) = 31*g - 6. Let t be c(4). Let d = t - 182. Let u = d - -128. What are the prime factors of u?
2
Suppose -5*k + 19 = -11. Suppose -4*i + 20 = 2*t, 4*i = -k*t + t + 32. Let f(c) = -c**2 + 3*c + 7. List the prime factors of f(t).
3
Suppose 80*t + 4*t - 98280 = 0. List the prime factors of t.
2, 3, 5, 13
Let h(y) be the second derivative of y**4/12 - 7*y**3/2 + 55*y**2/2 - 31*y. List the prime factors of h(22).
7, 11
Suppose 3*n = 3*u + 4*n - 29, -3*u + 3*n = -33. Let v be u/4*-1*2. What are the prime factors of 105/4 + v/20?
2, 13
Let p = 196 - -253. List the prime factors of p.
449
Suppose 5*l - 2*w = 3174, -l = -4*l + 4*w + 1896. List the prime factors of l.
2, 3, 53
Suppose 16 = 4*f, 10*y - 9724 = 5*y - f. List the prime factors of y.
2, 3
List the prime factors of (-6 - -1)/((-1)/72) - 0.
2, 3, 5
Let r = 3 - 1. Suppose -d + 6*d = 3*h + 31, r*d - 25 = -3*h. Suppose 4*s - d - 84 = 0. List the prime factors of s.
23
Let c(u) = 67*u**3 - 11*u**2 + 21*u - 6. What are the prime factors of c(4)?
2, 5, 419
Let o = 1751 - 96